-j*y = -5 - 7. Suppose 2*u - y*u = -40. List the prime factors of u.
2, 5
Let y = 136 - 70. Suppose -3*a - y = -3*r, -r - 3*a = -a - 37. Let f = r + -6. What are the prime factors of f?
3, 7
Suppose -176 = 3*m - 14*m. Suppose 0 = 4*n - m, -3*w + 0*w + 4*n + 20 = 0. What are the prime factors of w?
2, 3
List the prime factors of 8*(1320/36)/((-4)/(-3)).
2, 5, 11
Let w(n) = -n**2 - 7*n - 4. Let f be w(-5). Suppose -f*m + 153 - 1119 = 0. Let z = -92 - m. List the prime factors of z.
3, 23
Suppose -t + 0 + 11 = 0. Let i be (t - -1)*1/1. Suppose 4*l + 4 - i = 0. List the prime factors of l.
2
Suppose -4*t + 4174 = 2*z - 8*t, 0 = -z + 3*t + 2086. What are the prime factors of z?
2089
Let k(g) = -g**3 - 13*g**2 + 13*g + 9. Let u be k(-14). Let v = -51 - u. Let l = -4 - v. What are the prime factors of l?
2, 5, 7
Let p = 52 - 53. List the prime factors of (-1 + 28 - p)*(-15)/(-12).
5, 7
What are the prime factors of -8 + 3475/(-2 + 7)?
3, 229
Suppose y + 3 = 2*q + 2*y, 13 = 2*q - y. Suppose -2*u - 3*j = -364, q*u - j = u + 535. What are the prime factors of u?
179
List the prime factors of -41 + 40 + 4848/(3 + -1).
2423
Let f = 134 + -134. Suppose -3*q = -f*q + 2*g - 542, 3*q - 522 = 3*g. What are the prime factors of q?
2, 89
Let b(p) = 2*p**3 + 45*p**2 - 25*p - 13. Let u be b(-23). Let t be 40/(-12)*24/(-5). Suppose 0 = t*x - 15*x - u. What are the prime factors of x?
3, 11
Suppose -4*n + 4574 - 1034 = 0. What are the prime factors of n?
3, 5, 59
Let s be 4/(6*4/30). Suppose -7*m = -s*m - 146. What are the prime factors of m?
73
Suppose -2*f = v - 2, 2*v - f - 6 = -v. Let j be 16/(-5)*(-5)/v. What are the prime factors of (37/(-2))/((-4)/j)?
37
Let o = 286 - -17. List the prime factors of o.
3, 101
Suppose 5*h - 300 = -0*h. Suppose y - h = 5*y. Let l = y + 31. What are the prime factors of l?
2
Let m = 28 - 18. Suppose -5*b + 15 = -m*b. What are the prime factors of 928/80 - b/(-5)?
11
Suppose 0 = -4*q + d + 3, -2*d - 8 = -2. Let i be (-2)/6 + 20/6. Suppose -j = 5*n - 81, -2*j + 6*n - i*n + 123 = q. List the prime factors of j.
2, 3, 11
Suppose -3200 = -8*u + 2312. List the prime factors of u.
13, 53
Let z(l) = -18*l + 58. List the prime factors of z(-4).
2, 5, 13
Suppose 11*x - 319 = -242. List the prime factors of x.
7
Suppose 0 = -3*o - 4*o + 42. Suppose 41 = x + 2*g, 25 = -o*g + g. What are the prime factors of x?
3, 17
Let b(i) = 58*i + 248. What are the prime factors of b(10)?
2, 3, 23
Let o(p) be the first derivative of p**3/3 + 4*p**2 - 4. List the prime factors of o(8).
2
Suppose -3*b + 23 = -10. Suppose -3*g + 4*g = b. List the prime factors of g.
11
Suppose x + 9*x = -260. Let y = x - -130. What are the prime factors of y?
2, 13
Let i(d) = -3*d**3 - 7*d**2 + 9*d + 21. List the prime factors of i(-6).
3, 11
Let k(v) be the second derivative of 4*v**3 - 3*v**2/2 - 11*v. List the prime factors of k(2).
3, 5
Suppose -5*v + 4*j - 73 = 0, 2*v - 11 = 3*v + j. Let p be (2/3)/(-6 + 64/12). Let q = p - v. What are the prime factors of q?
2, 3
Suppose -f + 80 = -l - 451, 3*f = 5*l + 1603. List the prime factors of f.
2, 263
Suppose -10 = -5*q, 0 = 2*l + 5*q - 125 - 163. List the prime factors of l.
139
Let k = 89 - 84. Suppose -k*p = -p - 5*u - 611, 3*p + u = 463. List the prime factors of p.
2, 7, 11
Let m = 21 + -17. Suppose m*k + 0*k - 24 = 0. List the prime factors of k.
2, 3
Suppose -48*n = -53*n + 4*d + 14394, 2*n = 5*d + 5744. List the prime factors of n.
2, 11, 131
Suppose g - 5 - 2 = 0. Let m(z) = z**2 + 2*z - 3. Let u be m(-4). Suppose g*f = 3*f - b + 305, 3*f - u*b = 223. What are the prime factors of f?
2, 19
Let g(o) = o + 3. Let u be g(7). Let m be (-4)/u - 644/(-35). Suppose 2*y - 60 = -3*y - 5*n, -m = -y - 4*n. What are the prime factors of y?
2, 5
List the prime factors of (-54123)/(-24) + 0 + (-18)/144.
5, 11, 41
Let i = -3226 - -6032. What are the prime factors of i?
2, 23, 61
Let g(y) = y**3 + 6*y**2 + 5*y + 2. Suppose 0 = 2*o, k + 5 = -0*k + 3*o. Let z be g(k). Suppose 3*n - f + 3*f = 28, 5*n - z*f = 52. List the prime factors of n.
2, 5
Let v(i) = 81*i. Suppose 0 = -f + d - 0*d - 2, 15 = 5*d. What are the prime factors of v(f)?
3
Suppose -2*n + 3*h + 4011 = 0, -5*h = -4*n - 4*h + 7997. List the prime factors of n.
2, 3, 37
Let b = 196 - 137. List the prime factors of 2 + b + 2 + 1.
2
Suppose -28*n + 25*n + 2914 = 4*i, 0 = 3*i - 12. List the prime factors of n.
2, 3, 7, 23
Let n = 30 - 16. Suppose c = -3*o - 4, 0 = 4*c + 2*o + n + 22. What are the prime factors of ((-8)/(-20))/(-1)*c?
2
Suppose 428 = 5*c - 2*n - 1699, -5*n - 855 = -2*c. List the prime factors of c.
5, 17
Let z(g) be the first derivative of g**3/3 - 4*g**2 + 13*g + 34. What are the prime factors of z(-6)?
97
Suppose 173 = -2*r + 3*f, r - 3*f + 86 = -f. Let m be (-4)/(-22) + (-336)/r. Suppose m = 2*u - 2. What are the prime factors of u?
3
Suppose -7106 = -2*j + 3*b - 1146, 2*b = 8. List the prime factors of j.
2, 1493
Suppose -2*a = -4*l + 44, -l + 4*a = 3*a - 13. Suppose l*o - 4*o - 1065 = 0. List the prime factors of o.
3, 71
Let m(p) = 3*p**2 - 5*p + 8. Let z be m(4). Suppose 0 = -0*w + 4*w + z. List the prime factors of (10 + w)/((-1)/(-28)).
2, 7
Let y = -24 - -29. Suppose -y*a + 40 = -0. List the prime factors of a.
2
Suppose -4*o + 26 = 10. What are the prime factors of o + -3 - 20*-1?
3, 7
Let f(n) = 10*n - 10. Let d(j) = -j**3 - 24*j**2 - j - 20. Let o be d(-24). What are the prime factors of f(o)?
2, 3, 5
Let c be 2*2/(8/60). Suppose 0 = -o - 5*v + 28, 0 = -5*o - 3*v - 0*v + c. Suppose 0 = 2*h + 3*g + 40 - 139, o*g - 195 = -4*h. What are the prime factors of h?
2, 3
Let q be (3/15*11)/((-7)/(-35)). What are the prime factors of 4/22 + -139*(-6)/q?
2, 19
Let l(x) = -2*x**2 - 6*x + 16. Let a be l(7). Let c = -63 - a. List the prime factors of c.
61
Let k(x) = 73*x - 146. List the prime factors of k(10).
2, 73
Suppose 966 = 3*k + 4*q - 207, k + 2*q - 389 = 0. What are the prime factors of k?
5, 79
Let n = -1476 + 3354. List the prime factors of n.
2, 3, 313
Suppose -128*s - 11192 = -132*s. What are the prime factors of s?
2, 1399
Suppose 36*v - 14406 = 15*v. List the prime factors of v.
2, 7
Suppose 0 = -4*q + k + 14 + 2, -3*q - 4*k + 31 = 0. Suppose q*g + 91 = 1011. List the prime factors of g.
2, 23
Let n = 67 + -24. Let d = -15 + n. Suppose 0 = 5*k - d - 202. What are the prime factors of k?
2, 23
Suppose -21*n = 5735 - 42527. List the prime factors of n.
2, 3, 73
Suppose -9*l + 9 = -36. Suppose -3*z = -8*z - 3*h + 596, -3*z + 364 = l*h. List the prime factors of z.
2, 59
Let u(m) = -m**3 - 7*m**2 - m. Let q be u(-7). Suppose -q - 13 = -5*k. Let d = k - 1. List the prime factors of d.
3
Let w(g) = -g**2 + 3*g + 4. Let o be w(3). Suppose -4*b + 12 = -4*p, -p - 2*p = -4*b + o. What are the prime factors of p/3*6/(-4)?
2
Suppose -3*b + 3560 = -2*i, 7*b + 5*i - 4785 = 3*b. What are the prime factors of b?
2, 5, 7, 17
Let m(q) = q**3 - 6*q**2 - 6*q - 4. Let a be m(7). Suppose -a*d = -5 - 1. Suppose x - d*x = -18. List the prime factors of x.
2, 3
Let h(s) = s**2 + 8*s + 15. Suppose -5 = 4*x + 23. Let u be h(x). Let t = u - 2. What are the prime factors of t?
2, 3
Let p(u) = -u - 12. Let l be p(-17). Suppose l*t = 745 - 275. What are the prime factors of t?
2, 47
Let y be 1 - (-7 + 4 - (-1 + 1)). Suppose -13 = 4*j + 3. What are the prime factors of -1*y*23/j?
23
Suppose 78 + 38 = c. Suppose -15*l + 16*l = c. What are the prime factors of l?
2, 29
Suppose 0 = p + 2*d - 3021, -2*p - 124*d = -122*d - 6052. List the prime factors of p.
7, 433
Let z(s) = 6*s - 2. Let x = -7 + 13. Let m be x + 7/(21/9). What are the prime factors of z(m)?
2, 13
What are the prime factors of (-430)/45*-105*(4 + -1)?
2, 5, 7, 43
Suppose 0 = -61*r + 67*r - 312. List the prime factors of r.
2, 13
Let j(x) = x - 9. Let h be j(14). Suppose -5*c - 246 = -2*v, 2*v + h*c = v + 138. What are the prime factors of v?
2
Let n = 1687 - 329. What are the prime factors of n?
2, 7, 97
Let m be 6/(-3)*(-1)/2. What are the prime factors of (1 - 1) + (154 - 7)/m?
3, 7
Suppose -3*w = 4*p - 3572, 0 = -6*p + 7*p + 2*w - 898. What are the prime factors of p?
2, 5, 89
Let o(n) = 224*n**3 - 2*n**2 + 1. Let s be o(1). Suppose 257 = 5*d - f + 19, -5*d + s = 4*f. List the prime factors of d.
47
Let f = 95